et j = 0 - a. Let y = 4 - j. What is the greatest common factor of 3 and y?
1
Suppose 24 = 3*b - 15. Let c(m) = m - 5. Let v be c(b). Let g = 133 - 61. What is the greatest common factor of v and g?
8
Suppose 0 = 2*g - 0*g - 5*w - 29, -g + w + 10 = 0. Let n(k) = 6*k + 6*k - 18*k + 8 + 10*k. Let o be n(g). Calculate the greatest common divisor of o and 9.
9
Let t(s) = -73*s - 3. Suppose f = -3 + 1. Let b be t(f). What is the highest common factor of b and 13?
13
Let f be (-1)/((-1 - -3)/(-90)). Let l(i) = 7*i - 3. Let u(d) = -d. Let q(m) = -l(m) - 6*u(m). Let a be q(-6). Calculate the highest common factor of a and f.
9
Let c be (-1)/2*(0 - 28). Calculate the highest common divisor of 2 and c.
2
Let s = 38 - -7. Calculate the highest common factor of 5 and s.
5
Let x be (16/(-4) - 18)*(-1)/2. What is the highest common factor of x and 22?
11
Let k be 1 + 33 + 9/3. Suppose 10 - k = -3*r. What is the greatest common divisor of 63 and r?
9
Suppose 2*r = l + 8, 5*l - 5*r + 20 = 3*l. Suppose l*h = -2*h - 46. Let z = 34 + h. Calculate the highest common divisor of 33 and z.
11
Let q be 92/(-1 - (-1 + -1)). Let g = q - 59. Calculate the greatest common divisor of g and 22.
11
Suppose -3*q = 2*t + 3 + 8, 5*t = 3*q + 25. Let u be ((-1)/t)/((-5)/420). Suppose -5*m + 10*m = 70. Calculate the greatest common factor of u and m.
14
Suppose 0 = -5*p + 4*y + 858, -2*p + p + 2*y + 168 = 0. Let b = p + -123. What is the highest common divisor of 17 and b?
17
Suppose 3*s + 0*s + 5*g = 108, -2*s + 3*g = -72. Calculate the highest common factor of 24 and s.
12
Let r(k) = -k**3 - 7*k**2 + k + 7. Let y be r(-7). Suppose j = -f - 0*f + 1, y = -4*j + 3*f + 11. What is the greatest common factor of 4 and j?
2
Let f(k) = 4*k**2 - k + 3. Let x(s) = s - 8. Let q be x(12). Let p = 7 - q. Let c be f(p). What is the highest common divisor of c and 12?
12
Suppose 0 = 2*j - 5*f + 3*f - 140, f - 140 = -2*j. What is the highest common divisor of j and 14?
14
Suppose -3 = -5*w - 2*v - 6, 0 = -5*w + 4*v + 21. What is the greatest common factor of w and 9?
1
Let n be 194/8 - 4/16. Suppose -q + n = 2*q. What is the greatest common factor of 4 and q?
4
Let t = 3 + -2. Suppose -10 = h - 16. Let y be h/(-9) - (-8)/3. What is the greatest common factor of t and y?
1
Suppose 42 = u + 2*u. Let a = 10 - -11. What is the greatest common factor of a and u?
7
Suppose w = 3*a - 27, -w - w = -2*a + 22. What is the highest common divisor of 1 and a?
1
Suppose 0*f - 6 = 2*f. Let z be (-4)/2 + 12 + f. What is the highest common divisor of z and 1?
1
Let k(z) = -17*z - 4. Let l be k(-13). What is the greatest common divisor of l and 31?
31
Suppose 0 = 2*b - 0 - 8. Let p(k) = -2*k + 78. Let h be p(35). What is the greatest common factor of h and b?
4
Suppose 0 = -2*w - 3*p + 87, p = 3*p + 6. What is the highest common divisor of w and 16?
16
Let g = 21 - 35. Let u = -10 - g. What is the greatest common factor of 44 and u?
4
Let x = -13 + 29. Let q be 1/((6/3)/58). Let t = -5 + q. Calculate the highest common divisor of x and t.
8
Suppose 0 = -4*b - 12. Let u be (-9)/(18/(-4) - b). Calculate the highest common divisor of u and 6.
6
Let o(p) = 24*p + 2. Let y be o(2). Let n(k) = k**2 + 3*k. Let c be n(-5). Calculate the highest common factor of c and y.
10
Let m be (3/(-6))/(1/96). Let s be 54/(-4)*m/6. What is the highest common divisor of s and 12?
12
Suppose 20*r - 30 - 10 = 0. Calculate the highest common divisor of 4 and r.
2
Let u be (-2*2)/((-2)/(-34)). Let f be (-36)/(-8)*(-1 + -23). Let z = u - f. Calculate the greatest common factor of 8 and z.
8
Let a(l) = l**3 + 11*l**2 - 3*l - 12. Let j be a(-11). Calculate the highest common factor of 28 and j.
7
Suppose 4*a + w = -w + 162, 0 = 3*a + 4*w - 129. What is the highest common factor of a and 117?
39
Let b(c) = c**3. Let n be (-2)/(-4)*(-3 + 3). Let k be b(n). Suppose k*v = -v + 2. What is the greatest common divisor of v and 2?
2
Let t be (-148)/16*8/(-2). What is the highest common factor of t and 74?
37
Suppose 3*r - u + 26 = 104, 5*r = -5*u + 150. Let b be -2 + (3 - 2) + -4. Let n = 13 - b. What is the greatest common divisor of n and r?
9
Let l(p) = -47*p + 33. Let i be l(-4). What is the highest common divisor of i and 17?
17
Let x(u) = -u**3 - 9*u**2 - 9*u + 8. Let b be x(-8). Calculate the greatest common factor of b and 80.
16
Let b(c) = c**2 - 10*c - 9. Let d be b(11). Suppose 2*a - 105 = -d*o - 3*a, -a + 51 = o. Let z = o - -54. What is the highest common factor of z and 13?
13
Suppose -2*n = -4*n. Let a = n + 8. What is the highest common divisor of a and 2?
2
Let c = 200 - 119. Suppose o = -4*u + 32, -5*u + 2*o = -8*u + 19. Calculate the greatest common divisor of c and u.
9
Let j be 12/3 + 96*2. What is the greatest common divisor of j and 28?
28
Suppose -4*o - 4 = 4*c - 12, -32 = -2*c + 5*o. Calculate the greatest common divisor of c and 66.
6
Let o be ((-30)/(-8))/5*32. Calculate the highest common factor of o and 12.
12
Let m be ((-6)/(-2))/(3/9). Let a(s) be the first derivative of s**2/2 - s - 2. Let n be a(2). Calculate the highest common divisor of m and n.
1
Let f = 11 - 7. Suppose 5 = d + f*d - 4*y, d + y = 10. Let o(a) = a**3 - 3*a**2 - 6*a - 2. Let j be o(d). What is the highest common factor of 2 and j?
2
Suppose -5*m + 100 = -50. Let s be 3/(-1 + 2) - -24. Suppose 3*p - s = -3*a, 2*a = -p - 0*a + 12. Calculate the greatest common factor of p and m.
6
Let o = 124 + -114. What is the greatest common factor of 70 and o?
10
Suppose -4*o = -2*o - 5*m - 103, -2*o + 113 = 5*m. Calculate the highest common divisor of o and 18.
18
Let z(f) = 7*f**2 - f + 5. Let b be z(-4). Calculate the highest common divisor of b and 11.
11
Suppose 4*d - c - 37 = -2*c, 4*d + 5*c - 25 = 0. Let y(w) = -w**2 - 12*w - 6. Let j be y(-11). What is the highest common divisor of j and d?
5
Suppose 4 = a - 14. Suppose 2*w = 4*w - a. Calculate the highest common divisor of w and 81.
9
Let l be (-1 - 2*-1)*5. Suppose -3*x - 4*y + l*y + 482 = 0, -5*y = x - 182. What is the greatest common factor of 18 and x?
18
Suppose -2*x - 5*d = -97, d = x + 3*d - 50. Calculate the greatest common factor of x and 14.
14
Let m(q) = 8*q**3 - q**2 + q + 1. Let x be m(2). Let r be x/6*60/9. Calculate the highest common factor of 14 and r.
14
Let x be -2 + 5 + -2 + -1 + 234. Calculate the greatest common factor of x and 26.
26
Let i be (-1 + 1 + -1)*-2. What is the greatest common factor of i and 1?
1
Suppose 8*t = t + 28. Calculate the highest common factor of t and 36.
4
Let z(g) = -2*g + 0 + 12*g + 5 - 2. Let t be z(3). Let w be (-110)/2*(-4)/10. What is the highest common divisor of w and t?
11
Let v = -10 + 19. Calculate the highest common factor of 1 and v.
1
Suppose 5 = -4*a - 7, 5*t - 5*a + 475 = 0. Let q be (-4)/16 - t/8. What is the highest common divisor of 4 and q?
4
Let b(j) = j**2 - 16*j - 14. Suppose 8*h = 3*h + 85. Let c be b(h). Calculate the greatest common factor of 1 and c.
1
Suppose 21 = 2*c + i, 5*i + 9 = 2*c + 2*i. Suppose 4*x = -4*b + 27 + c, b = 4*x - 26. What is the highest common factor of 77 and x?
7
Suppose 0 = 19*q - 31 - 7. Let v be (-6)/9 + 28/6. Let u be (-5)/(-4) + (-1)/v. What is the highest common factor of q and u?
1
Let c(t) = -2*t**3 - 3*t**2 - 2*t - 3. Suppose u + 6 = 3. Let h be c(u). Let d be 20/8*(19 - 1). What is the greatest common factor of d and h?
15
Let q be (3 - -2)*(-2)/(-5). Suppose 33 - 3 = -3*z. Let m be (135/z)/((-3)/4). Calculate the highest common divisor of m and q.
2
Suppose 73 = 2*b - 39. What is the highest common divisor of b and 8?
8
Suppose 0 = -8*z + 579 - 195. Calculate the highest common divisor of z and 72.
24
Let i(m) = -m**2 - 7*m + 1. Let y = 7 + -14. Let r be i(y). Calculate the highest common divisor of 11 and r.
1
Let a be 6/(-2) + (-22144)/(-8). Let v be (-2)/(-6) + a/21. Let r be 0 + (-22)/(-2) - -1. What is the highest common factor of v and r?
12
Let u(z) = -z**2 - 9*z + 10. Let h be u(-10). Suppose -n - 3*n + 336 = h. What is the greatest common divisor of 12 and n?
12
Suppose 4*w = 3*w + 220. Let f(g) = 3*g**2 + 4*g. Let q be f(2). Calculate the greatest common factor of w and q.
20
Suppose -i = i - 4*p - 18, -3*p = -15. What is the greatest common divisor of i and 209?
19
Suppose -3*z + 8